t y(b) = -17*b + 5. Determine y(-2).
39
Let s(d) = d**3 - 5*d**2 - 106*d + 16. Give s(13).
-10
Let t(i) = -19*i + 124. What is t(7)?
-9
Let p(y) = -y**2 + 8*y - 10. Calculate p(10).
-30
Let c(f) = f**2 + 6*f + 7. What is c(-2)?
-1
Let f(w) = -w - 13. Calculate f(-4).
-9
Let h(z) = z**3 - 13*z**2 + 24*z - 29. Determine h(11).
-7
Let l(j) = -j**3 + 35*j**2 + j - 22. Determine l(35).
13
Let r(v) = -v**3 + 12*v**2 - 10*v + 2. What is r(11)?
13
Let z(r) = -r**2 - 6*r - 13. Determine z(-6).
-13
Let p(a) = -6*a - 32. What is p(-6)?
4
Let v(g) = -g**2 + 12*g - 7. What is v(11)?
4
Let s(a) = a**2 - 6*a + 9. Give s(4).
1
Let f(g) = 3*g - 19. Determine f(7).
2
Let y(z) = z**2 + 6*z - 6. Determine y(-8).
10
Let r(i) = -i**2 + 10*i - 8. What is r(9)?
1
Let m(x) = -x + 7. Give m(3).
4
Let b(s) = -s**3 + 11*s**2 + s + 3. Calculate b(11).
14
Let c(k) = k**3 - 6*k**2 + 5*k. What is c(2)?
-6
Let y(g) = -g**3 + 10*g**2 + 36*g - 140. Calculate y(12).
4
Let d(i) = -12*i + 13. Determine d(3).
-23
Let w(o) = -2*o**2 + 6*o + 2. Calculate w(5).
-18
Let k(x) = x**2 + 8*x - 3. What is k(-7)?
-10
Let x(q) = -q**3 + 9*q**2 - 22*q + 12. Give x(6).
-12
Let g(y) = -y + 5. Determine g(8).
-3
Let p(u) = u**3 - u**2 + u + 1. Give p(5).
106
Let y(n) = n**3 + n**2 - 2*n - 2. What is y(-2)?
-2
Let u(a) = a**2 + a + 4. Calculate u(0).
4
Let k(y) = y**2 + 19*y - 42. Determine k(-23).
50
Let f(i) = i**3 - 6*i**2 + i - 6. Give f(6).
0
Let u(f) = -12*f + 22. What is u(14)?
-146
Let p(j) = -3*j**2 - j - 5. Determine p(-2).
-15
Let d(m) = -2*m**2 + 4*m - 2. Give d(2).
-2
Let b(s) = 2*s**3 - 2*s**2 - 3*s + 2. What is b(4)?
86
Let a(d) = d**3 + 20*d**2 + 34*d + 294. Give a(-19).
9
Let k(j) = -j**3 - 13*j**2 - 22*j - 14. Calculate k(-11).
-14
Let d(j) = -j**2 - 20*j - 115. Give d(-7).
-24
Let o(g) = -g**3 + 9*g**2 + 8*g + 4. What is o(10)?
-16
Let x(a) = -a + 9. Give x(11).
-2
Let l(w) = -2*w**2 + 9*w - 6. What is l(10)?
-116
Let n(g) = 8*g + 90. Determine n(-4).
58
Let d(a) = a**3 - 4*a**2 - 7*a + 1. What is d(4)?
-27
Let k(t) = t**2 - 8. Give k(6).
28
Let b(i) = -7*i**2 - 3*i - 3. What is b(-1)?
-7
Let a(u) = u**2 + 11*u - 74. What is a(6)?
28
Let b(m) = -m**3 + 9*m**2 + 7*m + 3. Determine b(5).
138
Let w(p) = -4*p**3 + p**2 + 3*p + 1. Give w(-2).
31
Let i(o) = 7*o**2 - 2*o - 3. Give i(-2).
29
Let u(f) = -f**2 + f + 17. Give u(5).
-3
Let b(i) = -i**3 - 4*i**2 + i. Calculate b(-4).
-4
Let i(y) = 2*y**3 + 17*y**2 - 6*y + 15. What is i(-9)?
-12
Let r(l) = -l**2 + 6*l + 94. Calculate r(13).
3
Let r(t) = -t**3 - t**2 - 3*t + 6. What is r(-2)?
16
Let v(z) = -z**3 - 5*z**2 + 13*z + 12. Determine v(-7).
19
Let t(c) = c**3 - 8*c**2 - 9*c - 4. Calculate t(9).
-4
Let u(l) = l**2 - 11*l + 4. Give u(5).
-26
Let c(d) = -d**2 + 9*d - 1. Determine c(10).
-11
Let a(o) = -2*o - 25. Determine a(-17).
9
Let n(a) = -a**2 + 13*a - 6. Determine n(12).
6
Let w(d) = d**3 - d**2 - 2*d - 1. Determine w(-2).
-9
Let z(n) = -6*n + 19. What is z(4)?
-5
Let s(g) = 3*g**2 - 4*g - 3. Determine s(-1).
4
Let b(i) = 7*i - 12. Give b(3).
9
Let b(k) = -13*k**2. Give b(-1).
-13
Let t(u) = -u - 19. Determine t(-15).
-4
Let o(h) = -h + 8. Determine o(-8).
16
Let v(l) = 13*l - 90. What is v(7)?
1
Let w(d) = -2*d**2 + 84*d - 162. Calculate w(2).
-2
Let y(m) = -m**3 + m**2 + 2*m - 12. Calculate y(0).
-12
Let w(r) = r**3 + r**2 + 3*r + 10. Give w(-5).
-105
Let d(c) = -11*c**2 - c + 16. Determine d(-3).
-80
Let s(n) = n**3 - 13*n**2 + 13*n + 1. Determine s(12).
13
Let s(v) = 3*v**2 - 82*v - 64. Calculate s(28).
-8
Let r(j) = -7*j**3 - j**2 + 2. Determine r(2).
-58
Let j(o) = 16*o + 65. Give j(-4).
1
Let m(j) = -2*j**2 + 28*j - 12. Give m(14).
-12
Let h(x) = 2*x**3 - x**2 - 2*x - 2. Determine h(-2).
-18
Let q(u) = -2*u**3 - 16*u**2 + 13*u + 14. Give q(-9).
59
Let v(y) = y**2 + 6*y - 6. Calculate v(-8).
10
Let v(c) = c**3 + 48*c**2 + 42*c - 227. What is v(-47)?
8
Let x(l) = l**2 - 31*l + 64. Give x(29).
6
Let d(u) = u**2 - u - 11. Calculate d(5).
9
Let j(u) = -u**2 + 8*u - 3. What is j(8)?
-3
Let q(o) = 4*o**3 + 55*o**2 - 15*o + 2. Calculate q(-14).
16
Let t(l) = -19*l - 56. Give t(-4).
20
Let z(m) = 5*m**2 - 2*m + 1. What is z(-2)?
25
Let s(m) = -m**3 - 5*m**2 - 3*m + 11. What is s(-4)?
7
Let l(k) = -2*k**2 + 8*k + 21. What is l(8)?
-43
Let d(u) = -3*u. Calculate d(-4).
12
Let p(z) = z**2 - 6*z - 8. Calculate p(7).
-1
Let m(x) = -x**3 + x**2 - x - 20. What is m(0)?
-20
Let r(o) = 3*o**2 - 13*o - 31. Determine r(6).
-1
Let g(u) = u**2 - 41. Give g(0).
-41
Let i(w) = w**2 - 8*w + 9. Give i(5).
-6
Let b(z) = -3*z - 19. What is b(0)?
-19
Let r(s) = -s**3 + s**2 + 6*s + 1. Give r(-4).
57
Let g(s) = 18*s + 393. Determine g(-21).
15
Let o(h) = -h**2 - 8*h - 8. What is o(-6)?
4
Let o(q) = 3*q**2 + 2*q - 1. Give o(4).
55
Let h(o) = o**3 + 5*o**2 - 5*o + 1. Give h(-6).
-5
Let a(y) = -3*y - 5. What is a(-3)?
4
Let o(m) = -15*m - 18. What is o(-2)?
12
Let a(b) = -b + 5. What is a(3)?
2
Let c(k) = -k**3 + 7*k**2 + 9*k + 23. What is c(8)?
31
Let b(u) = -15*u**2 + 2*u - 1. Calculate b(-2).
-65
Let i(c) = c**3 - 4*c**2 - c + 9. Calculate i(0).
9
Let m(c) = c - 4. Give m(-5).
-9
Let t(u) = -u - 11. What is t(-12)?
1
Let g(h) = -12*h**3 - 1. What is g(1)?
-13
Let q(t) = 6*t**2 - 10*t - 20. Calculate q(-2).
24
Let u(m) = m**3 - 7*m**2 + 10*m - 15. Determine u(6).
9
Let k(a) = 10*a + 51. Give k(-5).
1
Let u(l) = 5*l + 4. Determine u(-2).
-6
Let g(l) = -8*l - 27. Calculate g(-4).
5
Let g(y) = -2*y**2 + 12*y - 10. Calculate g(7).
-24
Let p(f) = 3*f - 24. Calculate p(4).
-12
Let m(k) = -k**3 + 4*k + 5. Give m(-2).
5
Let u(m) = m**3 + 14*m**2 + 47*m - 14. Determine u(-8).
-6
Let r(g) = g**3 + 9*g**2 + 16*g - 12. Determine r(-3).
-6
Let s(k) = 4*k**2 + 34*k + 9. Give s(-7).
-33
Let h(l) = l + 23. What is h(11)?
34
Let x(z) = z**3 + 2*z**2 - 3. Determine x(-2).
-3
Let l(o) = 10*o - 10. Determine l(-3).
-40
Let k(l) = l**2 - 6*l + 7. Calculate k(6).
7
Let z(f) = 5*f + 3. Give z(-1).
-2
Let o(c) = 7*c + 49. Give o(7).
98
Let q(j) = 2*j**3 - 14*j**2 + 22*j - 7. Calculate q(5).
3
Let s(n) = 2*n**2 - 27*n + 4. Calculate s(13).
-9
Let n(w) = w**2 + 12*w + 21. What is n(-8)?
-11
Let t(b) = -b**2 + 18. Give t(-6).
-18
Let q(u) = 2*u**2 + 21*u - 15. Determine q(-11).
-4
Let g(t) = t**2 - 20*t - 27. Give g(21).
-6
Let n(u) = -u**3 + 2*u**2 + 3*u + 4. Determine n(-3).
40
Let w(k) = k**2 + 9*k - 15. Calculate w(-11).
7
Let x(z) = -z**3 + 17*z**2 + 14*z + 15. Give x(18).
-57
Let u(y) = 5*y + 5. Calculate u(6).
35
Let u(c) = 9*c + 462. What is u(-52)?
-6
Let j(x) = -x**3 - 10*x**2 + 6*x - 60. Give j(-11).
-5
Let w(k) = -k**2 - 2*k + 1. Determine w(7).
-62
Let n(p) = -7*p**2. What is n(-1)?
-7
Let y(l) = -13*l + 84. Determine y(7).
-7
Let g(j) = -2*j**3 - 13*j**2 - 5*j. What is g(-6)?
-6
Let v(o) = -o**2 - 10*o - 4. Give v(-10).
-4
Let p(i) = 2*i - 51. Determine p(20).
-11
Let g(m) = -2*m + 50. Calculate g(34).
-18
Let l(q) = q**2 + 6*q - 6. What is l(-4)?
-14
Let d(n) = 8*n - 62. Give d(7).
-6
Let x(i) = -15*i - 166. Determine x(-10).
-16
Let l(d) = -d**2 - 13*d - 11. Calculate l(-9).
25
Let u(x) = x**3 - 13*x**2 - 18*x - 184. Determine u(15).
-4
Let t(j) = 3*j - 5. Give t(-26).
-83
Let z(j) = -j**3 + 10*j**2 + 6. Give z(10).
6
Let x(k) = -k**2 - 13*k - 13. Calculate x(-15).
-43
Let t(g) = -16*g**3 - g**2 - g + 1. Determine t(1).
-17
Let q(x) = x**2 + 11*x - 11. Determine q(-14).
31
Let n(q) = -q**2 - 13*q - 25. What is n(-12)?
-13
Let b(n) = n**3 - 3*n**2 - 5*n + 5. What is b(4)?
1
Let y(j) = -j**3 + 8*j**2 - 6*j - 14. What is y(7)?
-7
Let n(m) = -11*m + 44. Give n(6).
-22
Let i(y) = 5*y - 17. Determine i(5).
8
Let u(d) = -d**2 - 6*d + 142. Calculate u(-15).
7
Let m(k) = 31*k**2. Calculate m(1).
31
Let s(z) = -z**3 - 3*z**2 + z. Give s(2).
-18
Let g(x) = -x**3 + 9*x**2 - 11*x. Give g(1).
-3
Let q(u) = -42*u + 131. Give q(3).
5
Let z(s) = s**2 - 15*s + 52. Determine z(9).
-2
Let v(y) = 3*y**3 - 26*y**2 + 20*y - 30. Give v(8).
2
Let a(n) = -n**2 - 6*n - 1. Calculate a(-5).
4
Let z(x) = 37*x + 159. Determine z(-4).
11
Let i(y) = y - 28. What is i(10)?
-18
Let x(i) = -22*i**2. What is x(-1)?
-22
Let g(b) = b**2 + 4*b - 1. Give g(-7).
20
Let r(x) = x**2 - 11*x + 13. Give r(9).
-5
Let b(l) = l**3 - 6*l**2 - 2*l + 3. Calculate b(6).
-9
Let m(f) = -8*f - 25. Give m(-6).
23
Let